11221
In base 8, what is -5355 + 707071?
701514
In base 13, what is 12 - -11c491?
11c4a3
In base 9, what is -154 - -37655?
37501
In base 10, what is 55 + -58248?
-58193
In base 5, what is 2 - -2220443240?
2220443242
In base 9, what is 357 + -461450?
-461082
In base 16, what is acd2e8 - 3?
acd2e5
In base 14, what is 404 + -1035a?
-dd56
In base 11, what is 3076 - 388?
2799
In base 10, what is -17999436 + -22?
-17999458
In base 8, what is 46235 + -3232?
43003
In base 4, what is 32311232 - -2032?
32313330
In base 9, what is -132631 + -42?
-132673
In base 8, what is 5221 - 7023?
-1602
In base 7, what is -14260 + 241454?
224164
In base 6, what is 34433530 + 3?
34433533
In base 6, what is -4 - -44511325111?
44511325103
In base 14, what is -6ddd8 + -44?
-7003c
In base 7, what is 0 - -22234331?
22234331
In base 7, what is 614 + -1222110?
-1221163
In base 4, what is 3200102030223 + 3?
3200102030232
In base 4, what is 2200130212002 + 2?
2200130212010
In base 15, what is -33085 + 20?
-33065
In base 12, what is -476 + -80a3?
-8559
In base 5, what is -100 + 4234230100?
4234230000
In base 14, what is 3 - 2192db7b?
-2192db78
In base 6, what is 1440305405 + 5?
1440305414
In base 10, what is 16299 - -92?
16391
In base 10, what is -3795 - -4719?
924
In base 8, what is -317065 - 6315?
-325402
In base 5, what is -10010143 + -124412?
-10140110
In base 8, what is -35 - -7754204?
7754147
In base 13, what is -10ab1cb + -6?
-10ab204
In base 10, what is 143155125 - 0?
143155125
In base 7, what is -1 + 2332555256?
2332555255
In base 15, what is -1 + 2a30dc?
2a30db
In base 7, what is 1224 + 1231332?
1232556
In base 5, what is -2 + 442003223404?
442003223402
In base 16, what is 1cda0 - -3a7?
1d147
In base 8, what is -2720612 + -40?
-2720652
In base 10, what is 3 - -119165743?
119165746
In base 2, what is 111011011010100111001111100 - 1?
111011011010100111001111011
In base 8, what is -2542 + -511133?
-513675
In base 8, what is -125664443 + 4?
-125664437
In base 11, what is -3 - -a8842a4?
a8842a1
In base 7, what is -16 + -33445112?
-33445131
In base 5, what is -224024113 - -12?
-224024101
In base 5, what is 212 + -240231114?
-240230402
In base 15, what is -1da93c + -4?
-1da941
In base 12, what is -2 - -78b4a0?
78b49a
In base 4, what is -1213 - 30000101101?
-30000102320
In base 11, what is -3259 - -1320?
-1a39
In base 14, what is 1 - -ca87078?
ca87079
In base 2, what is -1011110011011101111 - 101001100110?
-1011111000101010101
In base 12, what is 50 + 7588a2?
758932
In base 12, what is -6 - 622998a?
-6229994
In base 5, what is -434021140 - 13?
-434021203
In base 7, what is 0 - -4510400?
4510400
In base 7, what is 362 - -131033?
131425
In base 13, what is a + 26393b?
263948
In base 11, what is -27a + 32191a?
321650
In base 11, what is 703 - 94248?
-93645
In base 13, what is 32389 - -411?
3279a
In base 7, what is -30502134462 + 0?
-30502134462
In base 16, what is -8c3 - 1d54e?
-1de11
In base 2, what is 10100011110110101000 - 11?
10100011110110100101
In base 9, what is 843652326 + 0?
843652326
In base 9, what is -236085348 + -5?
-236085354
In base 16, what is a79a73 - -2?
a79a75
In base 16, what is 0 - 1419a9?
-1419a9
In base 16, what is 4d003e - -20?
4d005e
In base 9, what is -716305 + 268?
-716026
In base 15, what is 1ec0 + 23a88?
25a58
In base 7, what is 0 + 2044300640?
2044300640
In base 4, what is -22031311111131 - 2?
-22031311111133
In base 7, what is 2 - -44610040?
44610042
In base 10, what is -792428 + 21?
-792407
In base 5, what is -10002304 - -1113?
-10001141
In base 16, what is -56c4 - 38d3?
-8f97
In base 14, what is 59 - -bd904?
bd95d
In base 2, what is 1101101001111011100 - 1000000?
1101101001110011100
In base 3, what is 1200111201 - -12110?
1200201011
In base 16, what is 132a - 4b?
12df
In base 3, what is 12221212122010 - 10?
12221212122000
In base 14, what is 3 - 54dad47?
-54dad44
In base 11, what is 4 + -7216794?
-7216790
In base 14, what is 1 - 437b77?
-437b76
In base 5, what is 23312 - -3344311?
3423123
In base 10, what is -137105 + 176?
-136929
In base 7, what is -1 - 21334363?
-21334364
In base 13, what is -59cc5 - -97?
-59c2b
In base 6, what is -1541221255 + -5?
-1541221304
In base 15, what is -240bec + 2?
-240bea
In base 12, what is -111 + -321ba2?
-3220b3
In base 11, what is 428 - 21a5?
-1878
In base 10, what is -1782 + -1497?
-3279
In base 15, what is 59 + -c209c?
-c2043
In base 10, what is -1961294 + -6?
-1961300
In base 6, what is -30454 - -21255?
-5155
In base 12, what is 5 - 40ba11a?
-40ba115
In base 6, what is -3155351054 + -3?
-3155351101
In base 9, what is -616 + 1345354?
1344637
In base 10, what is 861 + -1796663?
-1795802
In base 6, what is 104 + -4201235?
-4201131
In base 8, what is -23 + 63336?
63313
In base 10, what is 218606 + -532?
218074
In base 13, what is -2856453 - -1?
-2856452
In base 5, what is -141 + 1001102?
1000411
In base 12, what is 1 - -2b8aa5a9?
2b8aa5aa
In base 16, what is -f9dfd - -b3?
-f9d4a
In base 15, what is -30130b - 1d?
-301329
In base 7, what is 42006 + -1240?
40436
In base 10, what is -4 + 2727765?
2727761
In base 9, what is 752113 - -363?
752476
In base 16, what is 14a63478 - 2?
14a63476
In base 16, what is -2235f93 - 6?
-2235f99
In base 8, what is 6624400 - -3?
6624403
In base 6, what is 0 + -31303043?
-31303043
In base 9, what is -71 + 7365621?
7365540
In base 3, what is -20102102 - 2101011?
-22210120
In base 12, what is -40 + 1aa533?
1aa4b3
In base 14, what is -7b59 + -689d?
-10618
In base 13, what is -1 - 15268bb7?
-15268bb8
In base 9, what is 23 + -68700365?
-68700342
In base 2, what is -1000100101 - 110110000001?
-111110100110
In base 9, what is 6235 + 10875?
17221
In base 2, what is -110 + -110101110001000101011000101?
-110101110001000101011001011
In base 14, what is -13c2a4 - -34?
-13c270
In base 15, what is 3e3614 + 5?
3e3619
In base 16, what is 279 - 38e48?
-38bcf
In base 14, what is 458 - 29d5?
-257b
In base 8, what is 1 - -71204100?
71204101
In base 9, what is -44 + 215701?
215646
In base 10, what is 108 - -993511?
993619
In base 3, what is 111 + -20120202000112?
-20120202000001
In base 10, what is 44513 + -550?
43963
In base 7, what is 41 + 3161651?
3162022
In base 6, what is -4 - -103045520?
103045512
In base 16, what is 27c - -1a223?
1a49f
In base 2, what is -1001 - -1001011011010100111101?
1001011011010100110100
In base 12, what is -1b9 - 29a3a?
-2a037
In base 16, what is cad - -1e2?
e8f
In base 5, what is 210402003 + 2?
210402010
In base 13, what is -40 + 4292c?
428bc
In base 12, what is -1233 - -14aab0?
149879
In base 12, what is -4 + 39714b6?
39714b2
In base 5, what is 43334 - -13414133?
14013022
In base 10, what is -7 - 2586166?
-2586173
In base 13, what is 12656 + 3478?
15b01
In base 13, what is 7315a8 - 23?
731585
In base 9, what is 176376 - 266?
176110
In base 16, what is -404bd + 11d?
-403a0
In base 8, what is -5 + 3650072?
3650065
In base 8, what is 57732 + -40126?
17604
In base 13, what is -137629 + -3?
-13762c
In base 3, what is 1 - 1212200201210?
-1212200201202
In base 7, what is -262 + -660430?
-661022
In base 9, what is -158832 - -81?
-158741
In base 6, what is 14305245 + 2204?
14311453
In base 12, what is -47504 + 76?
-4744a
In base 6, what is -3 + -2105234310?
-2105234313
In base 8, what is 20203 - 12326?
5655
In base 2, what is -101101011001111111 + -11011000011?
-101101110101000010
In base 14, what is -1650d7 + 20?
-1650b7
In base 13, what is 358107b - 5?
3581076
In base 8, what is 15251455 - -131?
15251606
In base 11, what is -27765016 + 2?
-27765014
In base 2, what is -10101101001111000111001101110 + -10?
-10101101001111000111001110000
In base 7, what is 1150341 + -1614?
1145424
In base 12, what is 35 + -3091831?
-30917b8
In base 13, what is 4 - 21ab172?
-21ab16b
In base 3, what is 122020 - 2110121111?
-2102222021
In base 4, what is 2001011 + 12023102?
20030113
In base 15, what is 2 + 2bacd?
2bad0
In base 12, what is -50 + 40a684?
40a634
In base 14, what is 17 - 90bdb?
-90bc4
In base 12, what is -689 + -aaabb?
-ab588
In base 11, what is -12a5 + a4774?
a347a
In base 12, what is -19 - -10a986?
10a969
In base 3, what is 12 + 11101222101220?
11101222102002
In base 12, what is -150 - 12aa061?
-12aa1b1
In base 8, what is -11461452 + 301?
-11461151
In base 10, what is 2932074 + -4?
29